{"id":191,"date":"2023-04-19T11:50:20","date_gmt":"2023-04-19T11:50:20","guid":{"rendered":"https:\/\/venture-werkstatt.com\/?page_id=191"},"modified":"2024-10-09T14:55:10","modified_gmt":"2024-10-09T14:55:10","slug":"impressum","status":"publish","type":"page","link":"https:\/\/venture-werkstatt.com\/index.php\/compact-vertical\/impressum\/","title":{"rendered":"Impressum"},"content":{"rendered":"<p><span style=\"font-size: 14px;\"><strong><span style=\"font-size: 16px;\">Impressum<\/span><\/strong><\/span><\/p>\n<p><strong><span style=\"font-size: 14px;\"><span style=\"font-size: 16px;\"><span style=\"font-size: 12px;\">Gesetzliche Anbieterkennung:<\/span><\/span><\/span><\/strong><\/p>\n<p><span style=\"font-size: 14px;\">Venture Werkstatt GmbH<br \/>\ndiese vertr. d. d. Gesch\u00e4ftsf\u00fchrer Christoph Walter Digwa<\/span><br \/>\n<span style=\"font-size: 14px;\">Backhausfeld 2b<br \/>\n31319 Sehnde<br \/>\nDeutschland<\/span><br \/>\n<span style=\"font-size: 14px;\">Telefon: +491703095440<\/span><br \/>\n<span style=\"font-size: 14px;\">E-Mail: <\/span><span style=\"font-size: 14px;\">web@venture-werkstatt.com<\/span><\/p>\n<p>USt-IdNr.: DE358944505<br \/>\n<strong><span style=\"font-size: 14px;\">eingetragen im Handelsregister des Amtsgerichtes Hildesheim<br \/>\nHandelsregisternummer HRB 208573<\/span><\/strong><\/p>\n<p>&nbsp;<\/p>\n<p><span style=\"font-size: 14px;\"><strong>Inhaltlich Verantwortlicher gem\u00e4\u00df \u00a7 18 Abs. 2 MStV:<\/strong><br \/>\n<span style=\"font-size: 14px;\"> Christoph <span style=\"font-size: 14px;\">Digwa<br \/>\n<span style=\"font-size: 14px;\">Backhausfeld 2b<\/span><br \/>\n<span style=\"font-size: 14px;\">31319<\/span> <span style=\"font-size: 14px;\">Sehnde<\/span><br \/>\n<span style=\"font-size: 14px;\">Deutschland<\/span><\/span><\/span><\/span><\/p>\n<p>&nbsp;<\/p>\n<p><strong><span style=\"font-size: 14px;\">zust\u00e4ndige Aufsichtsbeh\u00f6rde f\u00fcr audiovisuelle Mediendienste:<\/span><\/strong><\/p>\n<p><span style=\"font-size: 14px;\">Nieders\u00e4chsische Landesmedienanstalt (NLM)<br \/>\nSeelhorststra\u00dfe 18<br \/>\n30175 Hannover<\/span><br \/>\n<span style=\"font-size: 14px;\">Internet:\u00a0<\/span><a href=\"https:\/\/www.nlm.de\/\" target=\"_blank\" rel=\"noopener\"><span style=\"font-size: 14px;\">https:\/\/www.nlm.de\/<\/span><\/a><\/p>\n<p><strong style=\"font-size: 14px;\">Kontaktstelle gem\u00e4\u00df Verordnung (EU) 2021\/784 des Europ\u00e4ischen Parlaments und des Rates:<\/strong><br style=\"font-size: 14px;\" \/><br style=\"font-size: 14px;\" \/><span style=\"font-size: 14px;\">E-Mail: <\/span><span style=\"font-size: 14px;\">web@menoovo.com<\/span><br style=\"font-size: 14px;\" \/><br style=\"font-size: 14px;\" \/><span style=\"font-size: 14px;\">Eine Kontaktaufnahme ist in folgenden Sprachen m\u00f6glich:\u00a0<\/span><span style=\"font-size: 14px;\">Deutsch, Englisch<\/span><\/p>\n<p><span style=\"font-size: 14px;\"><strong>Kontaktstelle f\u00fcr Nutzer und Beh\u00f6rden gem\u00e4\u00df Verordnung (EU) 2022\/2065 des Europ\u00e4ischen Parlaments und des Rates:<\/strong><\/span><\/p>\n<p>E-Mail: <span style=\"font-size: 14px;\">web@venture-werkstatt.com<\/span><\/p>\n<p>Eine Kontaktaufnahme ist in folgenden Sprachen m\u00f6glich: <span style=\"font-size: 14px;\">Deutsch, Englisch<\/span><\/p>\n","protected":false},"excerpt":{"rendered":"<p>Impressum Gesetzliche Anbieterkennung: Venture Werkstatt GmbH diese vertr. d. d. [&hellip;]<\/p>\n","protected":false},"author":1,"featured_media":0,"parent":13,"menu_order":0,"comment_status":"closed","ping_status":"closed","template":"100-width.php","meta":{"footnotes":""},"class_list":["post-191","page","type-page","status-publish","hentry"],"_links":{"self":[{"href":"https:\/\/venture-werkstatt.com\/index.php\/wp-json\/wp\/v2\/pages\/191","targetHints":{"allow":["GET"]}}],"collection":[{"href":"https:\/\/venture-werkstatt.com\/index.php\/wp-json\/wp\/v2\/pages"}],"about":[{"href":"https:\/\/venture-werkstatt.com\/index.php\/wp-json\/wp\/v2\/types\/page"}],"author":[{"embeddable":true,"href":"https:\/\/venture-werkstatt.com\/index.php\/wp-json\/wp\/v2\/users\/1"}],"replies":[{"embeddable":true,"href":"https:\/\/venture-werkstatt.com\/index.php\/wp-json\/wp\/v2\/comments?post=191"}],"version-history":[{"count":4,"href":"https:\/\/venture-werkstatt.com\/index.php\/wp-json\/wp\/v2\/pages\/191\/revisions"}],"predecessor-version":[{"id":204,"href":"https:\/\/venture-werkstatt.com\/index.php\/wp-json\/wp\/v2\/pages\/191\/revisions\/204"}],"up":[{"embeddable":true,"href":"https:\/\/venture-werkstatt.com\/index.php\/wp-json\/wp\/v2\/pages\/13"}],"wp:attachment":[{"href":"https:\/\/venture-werkstatt.com\/index.php\/wp-json\/wp\/v2\/media?parent=191"}],"curies":[{"name":"wp","href":"https:\/\/api.w.org\/{rel}","templated":true}]}}